{"id":87,"date":"2024-07-31T11:26:30","date_gmt":"2024-07-31T11:26:30","guid":{"rendered":"https:\/\/www.vcelaribenatky.cz\/?page_id=87"},"modified":"2024-07-31T11:38:37","modified_gmt":"2024-07-31T11:38:37","slug":"100-let","status":"publish","type":"page","link":"https:\/\/www.vcelaribenatky.cz\/?page_id=87","title":{"rendered":"100 LET"},"content":{"rendered":"\t\t<div data-elementor-type=\"wp-page\" data-elementor-id=\"87\" class=\"elementor elementor-87\">\n\t\t\t\t\t\t\t\t\t<section class=\"elementor-section elementor-top-section elementor-element elementor-element-456c855 elementor-section-boxed elementor-section-height-default elementor-section-height-default\" data-id=\"456c855\" data-element_type=\"section\">\n\t\t\t\t\t\t<div class=\"elementor-container elementor-column-gap-default\">\n\t\t\t\t\t<div class=\"elementor-column elementor-col-100 elementor-top-column elementor-element elementor-element-7b34e78\" data-id=\"7b34e78\" data-element_type=\"column\">\n\t\t\t<div class=\"elementor-widget-wrap elementor-element-populated\">\n\t\t\t\t\t\t\t\t<div class=\"elementor-element elementor-element-4f2e4c7 elementor-widget elementor-widget-text-editor\" data-id=\"4f2e4c7\" data-element_type=\"widget\" data-widget_type=\"text-editor.default\">\n\t\t\t\t<div class=\"elementor-widget-container\">\n\t\t\t<style>\/*! elementor - v3.14.0 - 26-06-2023 *\/\n.elementor-widget-text-editor.elementor-drop-cap-view-stacked .elementor-drop-cap{background-color:#69727d;color:#fff}.elementor-widget-text-editor.elementor-drop-cap-view-framed .elementor-drop-cap{color:#69727d;border:3px solid;background-color:transparent}.elementor-widget-text-editor:not(.elementor-drop-cap-view-default) .elementor-drop-cap{margin-top:8px}.elementor-widget-text-editor:not(.elementor-drop-cap-view-default) .elementor-drop-cap-letter{width:1em;height:1em}.elementor-widget-text-editor .elementor-drop-cap{float:left;text-align:center;line-height:1;font-size:50px}.elementor-widget-text-editor .elementor-drop-cap-letter{display:inline-block}<\/style>\t\t\t\t<p><strong>SRDE\u010cN\u011a ZVEME V\u0160ECHNY P\u0158\u00c1TELE <\/strong><strong>A P\u0158\u00cdZNIVCE NA OSLAVU NA\u0160EHO V\u00ddRO\u010c\u00cd<\/strong><\/p><p><strong>DNE 31.8.2024 OD 15 HODIN, <\/strong><strong>V R\u00c1MCI Z\u00c1MECK\u00ddCH SLAVNOST\u00cd<\/strong><\/p>\t\t\t\t\t\t<\/div>\n\t\t\t\t<\/div>\n\t\t\t\t<div class=\"elementor-element elementor-element-4a650db elementor-widget elementor-widget-image\" data-id=\"4a650db\" data-element_type=\"widget\" data-widget_type=\"image.default\">\n\t\t\t\t<div class=\"elementor-widget-container\">\n\t\t\t<style>\/*! elementor - v3.14.0 - 26-06-2023 *\/\n.elementor-widget-image{text-align:center}.elementor-widget-image a{display:inline-block}.elementor-widget-image a img[src$=\".svg\"]{width:48px}.elementor-widget-image img{vertical-align:middle;display:inline-block}<\/style>\t\t\t\t\t\t\t\t\t\t\t\t<img loading=\"lazy\" decoding=\"async\" width=\"1586\" height=\"862\" src=\"https:\/\/www.vcelaribenatky.cz\/wp-content\/uploads\/2024\/07\/100_let_01.png\" class=\"attachment-full size-full wp-image-93\" alt=\"\" srcset=\"https:\/\/www.vcelaribenatky.cz\/wp-content\/uploads\/2024\/07\/100_let_01.png 1586w, https:\/\/www.vcelaribenatky.cz\/wp-content\/uploads\/2024\/07\/100_let_01-300x163.png 300w, https:\/\/www.vcelaribenatky.cz\/wp-content\/uploads\/2024\/07\/100_let_01-1024x557.png 1024w, https:\/\/www.vcelaribenatky.cz\/wp-content\/uploads\/2024\/07\/100_let_01-768x417.png 768w, https:\/\/www.vcelaribenatky.cz\/wp-content\/uploads\/2024\/07\/100_let_01-1536x835.png 1536w\" sizes=\"auto, (max-width: 1586px) 100vw, 1586px\" \/>\t\t\t\t\t\t\t\t\t\t\t\t\t\t\t<\/div>\n\t\t\t\t<\/div>\n\t\t\t\t<div class=\"elementor-element elementor-element-ae62184 elementor-widget elementor-widget-text-editor\" data-id=\"ae62184\" data-element_type=\"widget\" data-widget_type=\"text-editor.default\">\n\t\t\t\t<div class=\"elementor-widget-container\">\n\t\t\t\t\t\t\t<p>D\u011bkujeme na\u0161emu m\u011bstu Ben\u00e1tky za vynikaj\u00edc\u00ed pr\u00e1ci s m\u011bstkou zelen\u00ed, kterou budou pot\u0159ebovat na\u0161e v\u010delky dal\u0161\u00edch sto let.<\/p><p>Ve spolupr\u00e1ci s radnic\u00ed m\u011bsta vysad\u00edme na na\u0161e v\u00fdro\u010d\u00ed pam\u011btn\u00ed l\u00edpu, kter\u00e1 bude p\u0159\u00ed\u0161t\u00edm generac\u00edm p\u0159ipom\u00ednat historii na\u0161eho spolku.<\/p>\t\t\t\t\t\t<\/div>\n\t\t\t\t<\/div>\n\t\t\t\t\t<\/div>\n\t\t<\/div>\n\t\t\t\t\t\t\t<\/div>\n\t\t<\/section>\n\t\t\t\t<section class=\"elementor-section elementor-top-section elementor-element elementor-element-c26897e elementor-section-boxed elementor-section-height-default elementor-section-height-default\" data-id=\"c26897e\" data-element_type=\"section\">\n\t\t\t\t\t\t<div class=\"elementor-container elementor-column-gap-default\">\n\t\t\t\t\t<div class=\"elementor-column elementor-col-100 elementor-top-column elementor-element elementor-element-899f741\" data-id=\"899f741\" data-element_type=\"column\">\n\t\t\t<div class=\"elementor-widget-wrap elementor-element-populated\">\n\t\t\t\t\t\t\t\t<div class=\"elementor-element elementor-element-4dc1538 elementor-widget elementor-widget-text-editor\" data-id=\"4dc1538\" data-element_type=\"widget\" data-widget_type=\"text-editor.default\">\n\t\t\t\t<div class=\"elementor-widget-container\">\n\t\t\t\t\t\t\t<div class=\"page\" title=\"Page 2\"><div class=\"layoutArea\"><div class=\"column\"><p>VC\u030cELY a 100 letspolku vc\u030celar\u030cu\u030a Bena\u0301tek n.J.<\/p><\/div><\/div><\/div>\t\t\t\t\t\t<\/div>\n\t\t\t\t<\/div>\n\t\t\t\t<div class=\"elementor-element elementor-element-1dd2d6c elementor-widget elementor-widget-image\" data-id=\"1dd2d6c\" data-element_type=\"widget\" data-widget_type=\"image.default\">\n\t\t\t\t<div class=\"elementor-widget-container\">\n\t\t\t\t\t\t\t\t\t\t\t\t\t\t\t<img loading=\"lazy\" decoding=\"async\" width=\"150\" height=\"150\" src=\"https:\/\/www.vcelaribenatky.cz\/wp-content\/uploads\/2024\/07\/Snimek-obrazovky-2024-07-31-v-13.33.29-150x150.png\" class=\"attachment-thumbnail size-thumbnail wp-image-94\" alt=\"\" srcset=\"https:\/\/www.vcelaribenatky.cz\/wp-content\/uploads\/2024\/07\/Snimek-obrazovky-2024-07-31-v-13.33.29-150x150.png 150w, https:\/\/www.vcelaribenatky.cz\/wp-content\/uploads\/2024\/07\/Snimek-obrazovky-2024-07-31-v-13.33.29-300x300.png 300w\" sizes=\"auto, (max-width: 150px) 100vw, 150px\" \/>\t\t\t\t\t\t\t\t\t\t\t\t\t\t\t<\/div>\n\t\t\t\t<\/div>\n\t\t\t\t<div class=\"elementor-element elementor-element-fa5576f elementor-widget elementor-widget-text-editor\" data-id=\"fa5576f\" data-element_type=\"widget\" data-widget_type=\"text-editor.default\">\n\t\t\t\t<div class=\"elementor-widget-container\">\n\t\t\t\t\t\t\t<div class=\"page\" title=\"Page 2\"><div class=\"layoutArea\"><div class=\"column\"><p>Vc\u030cely jsou neocenitelny\u0301mi tvory, ktere\u0301 maji\u0301 obrovsky\u0301 vliv na nas\u030ce z\u030civoty a na z\u030civotni\u0301 prostr\u030cedi\u0301 obecne\u030c. Jejich hlavni\u0301m pr\u030ci\u0301nosem je opylova\u0301ni\u0301 rostlin, coz\u030c je kli\u0301c\u030covy\u0301 proces pro produkci ovoce, zeleniny a dals\u030ci\u0301ch plodin. Bez vc\u030cel bychom se museli vzda\u0301t mnoha potravin a na\u0301s\u030c potravni\u0301<br \/>r\u030cete\u030czec by byl narus\u030cen. Da\u0301le jsou vc\u030cely take\u0301 zdrojem medu, ktery\u0301 je zna\u0301m svy\u0301mi le\u0301c\u030civy\u0301mi u\u0301c\u030cinky<br \/>a obsahuje mnoho z\u030civin pro nas\u030ce zdravi\u0301. Vc\u030celi\u0301 vosk je vyuz\u030ci\u0301va\u0301n ve farmaceuticke\u0301m a kosmeticke\u0301m pru\u030amyslu, vc\u030celi\u0301 jed ma\u0301 le\u0301c\u030cebne\u0301 u\u0301c\u030cinky a propolis slouz\u030ci\u0301 k dezinfekci a hojeni\u0301 ran.<\/p><p>Vc\u030cely take\u0301 hraji\u0301 kli\u0301c\u030covou roli v biodiverzite\u030c, at\u030c uz\u030c prostr\u030cednictvi\u0301m opylova\u0301ni\u0301 divoce rostouci\u0301ch rostlin,nebo jako potrava pro jine\u0301 z\u030civoc\u030cichy ve spolec\u030censtvi\u0301. Jejich u\u0301str\u030cedni\u0301 postaveni\u0301 ve spojeni\u0301 s pr\u030ci\u0301rodni\u0301mi ekosyste\u0301my je nepopiratelne\u0301.<\/p><p>Bohuz\u030cel jsou vc\u030cely ohroz\u030ceny mnoha faktory, jako je ztra\u0301ta pr\u030cirozene\u0301ho prostr\u030cedi\u0301, pouz\u030ci\u0301va\u0301ni\u0301 pesticidu\u030a a zme\u030cny klimatu. Je tedy du\u030alez\u030cite\u0301 si uve\u030cdomit jejich du\u030alez\u030citost a starat se o ne\u030c, aby mohly nada\u0301le plnit svou nenahraditelnou roli ve prospe\u030cch nas\u030ci\u0301 planety i na\u0301s samotny\u0301ch.<\/p><p>Vc\u030cely a ste\u0301 vy\u0301roc\u030ci\u0301 spolku jsou skve\u030cly\u0301m pr\u030ci\u0301kladem toho, jak dlouho a u\u0301spe\u030cs\u030cne\u030c mu\u030az\u030ce spolek existovat a pu\u030asobit ve prospe\u030cch svy\u0301ch c\u030clenu\u030a. Toto vy\u0301roc\u030ci\u0301 je skve\u030clou pr\u030ci\u0301lez\u030citosti\u0301 k oslave\u030c dosavadni\u0301ch u\u0301spe\u030cchu\u030a spolku a k pla\u0301nova\u0301ni\u0301 budouci\u0301ch projektu\u030a a aktivit. Vc\u030cely jsou jedinec\u030cny\u0301mi symboly pi\u0301le, spolupra\u0301ce a u\u0301spe\u030cchu, ktere\u0301 by me\u030cly by\u0301t inspiraci\u0301 pro c\u030cleny spolku i pro ver\u030cejnost.<\/p><p>Popr\u030cejme si k dosaz\u030ceni\u0301 ste\u0301ho vy\u0301roc\u030ci\u0301 vc\u030celar\u030cske\u0301ho spolku Bena\u0301tek n.J. a pr\u030cejeme mnoho dals\u030ci\u0301ch u\u0301spe\u030cchu\u030a a radosti z pra\u0301ce pro dobro vc\u030cel, spolku a jeho c\u030clenu\u030a!<br \/>Ra\u0301d bych jes\u030cte\u030c touto cestou pode\u030ckoval za vyja\u0301dr\u030cenou podporu od MU\u0301 Bena\u0301tky n. J. Me\u030cstyse Brodce, da\u0301le obce Zde\u030cti\u0301n , Sedlec a Mec\u030cer\u030ci\u0301z\u030c.<\/p><div class=\"page\" title=\"Page 2\"><div class=\"layoutArea\"><div class=\"column\"><p>za pr\u030cedsednictvo vc\u030celar\u030cu\u030a Bena\u0301tky n.J.<\/p><ul><li>pr\u030cedseda Miroslav Broz\u030c<\/li><li>jednatelka Helena S\u030cpalkova\u0301<\/li><li>pokladni\u0301k Vladimi\u0301r Slus\u030cny\u0301<\/li><\/ul><p>\u00a0<\/p><p>ZO C\u030cSV vc\u030cela\u0301r\u030cu\u030a Bena\u0301tky n. J. ma\u0301 35 aktivni\u0301ch vc\u030celar\u030cu\u030a a chova\u0301 na 380 vc\u030celstev na Bena\u0301tecku a pr\u030cilehle\u0301m okoli\u0301.<\/p><\/div><\/div><\/div><\/div><\/div><\/div>\t\t\t\t\t\t<\/div>\n\t\t\t\t<\/div>\n\t\t\t\t<div class=\"elementor-element elementor-element-ed3ec48 elementor-widget elementor-widget-image\" data-id=\"ed3ec48\" data-element_type=\"widget\" data-widget_type=\"image.default\">\n\t\t\t\t<div class=\"elementor-widget-container\">\n\t\t\t\t\t\t\t\t\t\t\t\t\t\t\t<img loading=\"lazy\" decoding=\"async\" width=\"640\" height=\"860\" src=\"https:\/\/www.vcelaribenatky.cz\/wp-content\/uploads\/2024\/07\/Snimek-obrazovky-2024-07-31-v-13.33.19-762x1024.png\" class=\"attachment-large size-large wp-image-95\" alt=\"\" srcset=\"https:\/\/www.vcelaribenatky.cz\/wp-content\/uploads\/2024\/07\/Snimek-obrazovky-2024-07-31-v-13.33.19-762x1024.png 762w, https:\/\/www.vcelaribenatky.cz\/wp-content\/uploads\/2024\/07\/Snimek-obrazovky-2024-07-31-v-13.33.19-223x300.png 223w, https:\/\/www.vcelaribenatky.cz\/wp-content\/uploads\/2024\/07\/Snimek-obrazovky-2024-07-31-v-13.33.19-768x1032.png 768w, https:\/\/www.vcelaribenatky.cz\/wp-content\/uploads\/2024\/07\/Snimek-obrazovky-2024-07-31-v-13.33.19-1143x1536.png 1143w, https:\/\/www.vcelaribenatky.cz\/wp-content\/uploads\/2024\/07\/Snimek-obrazovky-2024-07-31-v-13.33.19.png 1398w\" sizes=\"auto, (max-width: 640px) 100vw, 640px\" \/>\t\t\t\t\t\t\t\t\t\t\t\t\t\t\t<\/div>\n\t\t\t\t<\/div>\n\t\t\t\t\t<\/div>\n\t\t<\/div>\n\t\t\t\t\t\t\t<\/div>\n\t\t<\/section>\n\t\t\t\t\t\t\t<\/div>\n\t\t","protected":false},"excerpt":{"rendered":"<p>SRDE\u010cN\u011a ZVEME V\u0160ECHNY P\u0158\u00c1TELE A P\u0158\u00cdZNIVCE NA OSLAVU NA\u0160EHO V\u00ddRO\u010c\u00cd DNE 31.8.2024 OD 15 HODIN, V R\u00c1MCI Z\u00c1MECK\u00ddCH SLAVNOST\u00cd D\u011bkujeme na\u0161emu m\u011bstu Ben\u00e1tky za vynikaj\u00edc\u00ed pr\u00e1ci s m\u011bstkou zelen\u00ed, kterou budou pot\u0159ebovat na\u0161e v\u010delky dal\u0161\u00edch sto let. Ve spolupr\u00e1ci s radnic\u00ed m\u011bsta vysad\u00edme na na\u0161e v\u00fdro\u010d\u00ed pam\u011btn\u00ed l\u00edpu, kter\u00e1 bude p\u0159\u00ed\u0161t\u00edm generac\u00edm p\u0159ipom\u00ednat historii na\u0161eho spolku. VC\u030cELY a 100 letspolku [&hellip;]<\/p>\n","protected":false},"author":1,"featured_media":0,"parent":0,"menu_order":0,"comment_status":"closed","ping_status":"closed","template":"","meta":{"footnotes":""},"class_list":["post-87","page","type-page","status-publish","hentry"],"_links":{"self":[{"href":"https:\/\/www.vcelaribenatky.cz\/index.php?rest_route=\/wp\/v2\/pages\/87","targetHints":{"allow":["GET"]}}],"collection":[{"href":"https:\/\/www.vcelaribenatky.cz\/index.php?rest_route=\/wp\/v2\/pages"}],"about":[{"href":"https:\/\/www.vcelaribenatky.cz\/index.php?rest_route=\/wp\/v2\/types\/page"}],"author":[{"embeddable":true,"href":"https:\/\/www.vcelaribenatky.cz\/index.php?rest_route=\/wp\/v2\/users\/1"}],"replies":[{"embeddable":true,"href":"https:\/\/www.vcelaribenatky.cz\/index.php?rest_route=%2Fwp%2Fv2%2Fcomments&post=87"}],"version-history":[{"count":7,"href":"https:\/\/www.vcelaribenatky.cz\/index.php?rest_route=\/wp\/v2\/pages\/87\/revisions"}],"predecessor-version":[{"id":98,"href":"https:\/\/www.vcelaribenatky.cz\/index.php?rest_route=\/wp\/v2\/pages\/87\/revisions\/98"}],"wp:attachment":[{"href":"https:\/\/www.vcelaribenatky.cz\/index.php?rest_route=%2Fwp%2Fv2%2Fmedia&parent=87"}],"curies":[{"name":"wp","href":"https:\/\/api.w.org\/{rel}","templated":true}]}}